{"id":130,"date":"2014-12-10T10:43:54","date_gmt":"2014-12-10T10:43:54","guid":{"rendered":""},"modified":"2022-11-15T11:13:37","modified_gmt":"2022-11-15T11:13:37","slug":"profile","status":"publish","type":"page","link":"https:\/\/spgarquitectura.com\/en\/profile\/","title":{"rendered":"Profile"},"content":{"rendered":"<div class=\"twocolumn\">\n<p>SPG arquitectura began in 1980 with the association of Ram\u00f3n Artigues and Ram\u00f3n Sanabria under the name <em>Artigues&#038;Sanabria arquitectos<\/em>.<br \/>\nThis studio ended in 2007 with the retirement of Ram\u00f3n Artigues, leaving Ram\u00f3n Sanabria at the head of the studio under the name <em>RSanabria arquitectos<\/em>, continuing with the same collaborators and the same intentions.<\/p>\n<p>In 2011, with the incorporation as associates of Lidia Planas and Josep Gallego, former collaborators of the previous studios, the name was changed to <em>SPG arquitectura<\/em>, (R. Sanabria, L. Planas and J. Gallego).<br \/>\nThe works and projects presented are the result of more than 40 years of work and experience of the same team with the same intentions and responsibilities.<\/p>\n<\/div>\n<hr \/>\n<h3 style=\"text-align: center;\"><\/h3>\n<p class=\"intro narrow not-big\" style=\"text-align: center;\">We are a member of BuildingSmart, an international organization that drives the digital transformation of the construction industry through open standards.<\/p>\n","protected":false},"excerpt":{"rendered":"<p>SPG arquitectura began in 1980 with the association of Ram\u00f3n Artigues and Ram\u00f3n Sanabria under the name Artigues&#038;Sanabria arquitectos. This studio ended in 2007 with the retirement of Ram\u00f3n Artigues, leaving Ram\u00f3n Sanabria at the head of the studio under the name RSanabria arquitectos, continuing with the same collaborators and the same intentions. In 2011,..<\/p>\n","protected":false},"author":1,"featured_media":0,"parent":0,"menu_order":0,"comment_status":"closed","ping_status":"closed","template":"","meta":[],"yoast_head":"<!-- This site is optimized with the Yoast SEO plugin v19.10 - https:\/\/yoast.com\/wordpress\/plugins\/seo\/ -->\n<title>Profile - SPG Arquitectura<\/title>\n<meta name=\"description\" content=\"Website of the SPG Arquitectura studio, located in Barcelona with more than 40 years of experience.\" \/>\n<meta name=\"robots\" content=\"index, follow, max-snippet:-1, max-image-preview:large, max-video-preview:-1\" \/>\n<meta property=\"og:locale\" content=\"en_US\" \/>\n<meta property=\"og:type\" content=\"article\" \/>\n<meta property=\"og:title\" content=\"Profile - SPG Arquitectura\" \/>\n<meta property=\"og:description\" content=\"Website of the SPG Arquitectura studio, located in Barcelona with more than 40 years of experience.\" \/>\n<meta property=\"og:url\" content=\"https:\/\/spgarquitectura.com\/en\/profile\/\" \/>\n<meta property=\"og:site_name\" content=\"SPG Arquitectura\" \/>\n<meta property=\"article:modified_time\" content=\"2022-11-15T11:13:37+00:00\" \/>\n<meta name=\"twitter:card\" content=\"summary_large_image\" \/>\n<meta name=\"twitter:label1\" content=\"Est. reading time\" \/>\n\t<meta name=\"twitter:data1\" content=\"1 minute\" \/>\n<script type=\"application\/ld+json\" class=\"yoast-schema-graph\">{\"@context\":\"https:\/\/schema.org\",\"@graph\":[{\"@type\":\"WebPage\",\"@id\":\"https:\/\/spgarquitectura.com\/en\/profile\/\",\"url\":\"https:\/\/spgarquitectura.com\/en\/profile\/\",\"name\":\"Profile - SPG Arquitectura\",\"isPartOf\":{\"@id\":\"http:\/\/spgarquitectura.com\/#website\"},\"datePublished\":\"2014-12-10T10:43:54+00:00\",\"dateModified\":\"2022-11-15T11:13:37+00:00\",\"description\":\"Website of the SPG Arquitectura studio, located in Barcelona with more than 40 years of experience.\",\"breadcrumb\":{\"@id\":\"https:\/\/spgarquitectura.com\/en\/profile\/#breadcrumb\"},\"inLanguage\":\"en-US\",\"potentialAction\":[{\"@type\":\"ReadAction\",\"target\":[\"https:\/\/spgarquitectura.com\/en\/profile\/\"]}]},{\"@type\":\"BreadcrumbList\",\"@id\":\"https:\/\/spgarquitectura.com\/en\/profile\/#breadcrumb\",\"itemListElement\":[{\"@type\":\"ListItem\",\"position\":1,\"name\":\"Portada\",\"item\":\"http:\/\/spgarquitectura.com\/en\/\"},{\"@type\":\"ListItem\",\"position\":2,\"name\":\"Profile\"}]},{\"@type\":\"WebSite\",\"@id\":\"http:\/\/spgarquitectura.com\/#website\",\"url\":\"http:\/\/spgarquitectura.com\/\",\"name\":\"SPG Arquitectura\",\"description\":\"Estudio de arquitectura en Barcelona desde 1980. Especializados en metodolog\u00eda BIM.\",\"publisher\":{\"@id\":\"http:\/\/spgarquitectura.com\/#organization\"},\"potentialAction\":[{\"@type\":\"SearchAction\",\"target\":{\"@type\":\"EntryPoint\",\"urlTemplate\":\"http:\/\/spgarquitectura.com\/?s={search_term_string}\"},\"query-input\":\"required name=search_term_string\"}],\"inLanguage\":\"en-US\"},{\"@type\":\"Organization\",\"@id\":\"http:\/\/spgarquitectura.com\/#organization\",\"name\":\"SPG Arquitectura\",\"url\":\"http:\/\/spgarquitectura.com\/\",\"logo\":{\"@type\":\"ImageObject\",\"inLanguage\":\"en-US\",\"@id\":\"http:\/\/spgarquitectura.com\/#\/schema\/logo\/image\/\",\"url\":\"https:\/\/spgarquitectura.com\/wp-content\/uploads\/2022\/04\/logo-spg_icon.jpg\",\"contentUrl\":\"https:\/\/spgarquitectura.com\/wp-content\/uploads\/2022\/04\/logo-spg_icon.jpg\",\"width\":568,\"height\":568,\"caption\":\"SPG Arquitectura\"},\"image\":{\"@id\":\"http:\/\/spgarquitectura.com\/#\/schema\/logo\/image\/\"}}]}<\/script>\n<!-- \/ Yoast SEO plugin. -->","yoast_head_json":{"title":"Profile - SPG Arquitectura","description":"Website of the SPG Arquitectura studio, located in Barcelona with more than 40 years of experience.","robots":{"index":"index","follow":"follow","max-snippet":"max-snippet:-1","max-image-preview":"max-image-preview:large","max-video-preview":"max-video-preview:-1"},"og_locale":"en_US","og_type":"article","og_title":"Profile - SPG Arquitectura","og_description":"Website of the SPG Arquitectura studio, located in Barcelona with more than 40 years of experience.","og_url":"https:\/\/spgarquitectura.com\/en\/profile\/","og_site_name":"SPG Arquitectura","article_modified_time":"2022-11-15T11:13:37+00:00","twitter_card":"summary_large_image","twitter_misc":{"Est. reading time":"1 minute"},"schema":{"@context":"https:\/\/schema.org","@graph":[{"@type":"WebPage","@id":"https:\/\/spgarquitectura.com\/en\/profile\/","url":"https:\/\/spgarquitectura.com\/en\/profile\/","name":"Profile - SPG Arquitectura","isPartOf":{"@id":"http:\/\/spgarquitectura.com\/#website"},"datePublished":"2014-12-10T10:43:54+00:00","dateModified":"2022-11-15T11:13:37+00:00","description":"Website of the SPG Arquitectura studio, located in Barcelona with more than 40 years of experience.","breadcrumb":{"@id":"https:\/\/spgarquitectura.com\/en\/profile\/#breadcrumb"},"inLanguage":"en-US","potentialAction":[{"@type":"ReadAction","target":["https:\/\/spgarquitectura.com\/en\/profile\/"]}]},{"@type":"BreadcrumbList","@id":"https:\/\/spgarquitectura.com\/en\/profile\/#breadcrumb","itemListElement":[{"@type":"ListItem","position":1,"name":"Portada","item":"http:\/\/spgarquitectura.com\/en\/"},{"@type":"ListItem","position":2,"name":"Profile"}]},{"@type":"WebSite","@id":"http:\/\/spgarquitectura.com\/#website","url":"http:\/\/spgarquitectura.com\/","name":"SPG Arquitectura","description":"Estudio de arquitectura en Barcelona desde 1980. Especializados en metodolog\u00eda BIM.","publisher":{"@id":"http:\/\/spgarquitectura.com\/#organization"},"potentialAction":[{"@type":"SearchAction","target":{"@type":"EntryPoint","urlTemplate":"http:\/\/spgarquitectura.com\/?s={search_term_string}"},"query-input":"required name=search_term_string"}],"inLanguage":"en-US"},{"@type":"Organization","@id":"http:\/\/spgarquitectura.com\/#organization","name":"SPG Arquitectura","url":"http:\/\/spgarquitectura.com\/","logo":{"@type":"ImageObject","inLanguage":"en-US","@id":"http:\/\/spgarquitectura.com\/#\/schema\/logo\/image\/","url":"https:\/\/spgarquitectura.com\/wp-content\/uploads\/2022\/04\/logo-spg_icon.jpg","contentUrl":"https:\/\/spgarquitectura.com\/wp-content\/uploads\/2022\/04\/logo-spg_icon.jpg","width":568,"height":568,"caption":"SPG Arquitectura"},"image":{"@id":"http:\/\/spgarquitectura.com\/#\/schema\/logo\/image\/"}}]}},"_links":{"self":[{"href":"https:\/\/spgarquitectura.com\/en\/wp-json\/wp\/v2\/pages\/130"}],"collection":[{"href":"https:\/\/spgarquitectura.com\/en\/wp-json\/wp\/v2\/pages"}],"about":[{"href":"https:\/\/spgarquitectura.com\/en\/wp-json\/wp\/v2\/types\/page"}],"author":[{"embeddable":true,"href":"https:\/\/spgarquitectura.com\/en\/wp-json\/wp\/v2\/users\/1"}],"replies":[{"embeddable":true,"href":"https:\/\/spgarquitectura.com\/en\/wp-json\/wp\/v2\/comments?post=130"}],"version-history":[{"count":7,"href":"https:\/\/spgarquitectura.com\/en\/wp-json\/wp\/v2\/pages\/130\/revisions"}],"predecessor-version":[{"id":5383,"href":"https:\/\/spgarquitectura.com\/en\/wp-json\/wp\/v2\/pages\/130\/revisions\/5383"}],"wp:attachment":[{"href":"https:\/\/spgarquitectura.com\/en\/wp-json\/wp\/v2\/media?parent=130"}],"curies":[{"name":"wp","href":"https:\/\/api.w.org\/{rel}","templated":true}]}}

<div class="twocolumn">
<p>SPG arquitectura began in 1980 with the association of Ramón Artigues and Ramón Sanabria under the name <em>Artigues&#038;Sanabria arquitectos</em>.<br />
This studio ended in 2007 with the retirement of Ramón Artigues, leaving Ramón Sanabria at the head of the studio under the name <em>RSanabria arquitectos</em>, continuing with the same collaborators and the same intentions.</p>
<p>In 2011, with the incorporation as associates of Lidia Planas and Josep Gallego, former collaborators of the previous studios, the name was changed to <em>SPG arquitectura</em>, (R. Sanabria, L. Planas and J. Gallego).<br />
The works and projects presented are the result of more than 40 years of work and experience of the same team with the same intentions and responsibilities.</p>
</div>
<hr />
<h3 style="text-align: center;"></h3>
<p class="intro narrow not-big" style="text-align: center;">We are a member of BuildingSmart, an international organization that drives the digital transformation of the construction industry through open standards.</p>

<p>SPG arquitectura began in 1980 with the association of Ramón Artigues and Ramón Sanabria under the name Artigues&#038;Sanabria arquitectos. This studio ended in 2007 with the retirement of Ramón Artigues, leaving Ramón Sanabria at the head of the studio under the name RSanabria arquitectos, continuing with the same collaborators and the same intentions. In 2011,..</p>

<!-- This site is optimized with the Yoast SEO plugin v19.10 - https://yoast.com/wordpress/plugins/seo/ -->
<title>Profile - SPG Arquitectura</title>
<meta name="description" content="Website of the SPG Arquitectura studio, located in Barcelona with more than 40 years of experience." />
<meta name="robots" content="index, follow, max-snippet:-1, max-image-preview:large, max-video-preview:-1" />
<meta property="og:locale" content="en_US" />
<meta property="og:type" content="article" />
<meta property="og:title" content="Profile - SPG Arquitectura" />
<meta property="og:description" content="Website of the SPG Arquitectura studio, located in Barcelona with more than 40 years of experience." />
<meta property="og:url" content="https://spgarquitectura.com/en/profile/" />
<meta property="og:site_name" content="SPG Arquitectura" />
<meta property="article:modified_time" content="2022-11-15T11:13:37+00:00" />
<meta name="twitter:card" content="summary_large_image" />
<meta name="twitter:label1" content="Est. reading time" />
	<meta name="twitter:data1" content="1 minute" />
<script type="application/ld+json" class="yoast-schema-graph">{"@context":"https://schema.org","@graph":[{"@type":"WebPage","@id":"https://spgarquitectura.com/en/profile/","url":"https://spgarquitectura.com/en/profile/","name":"Profile - SPG Arquitectura","isPartOf":{"@id":"http://spgarquitectura.com/#website"},"datePublished":"2014-12-10T10:43:54+00:00","dateModified":"2022-11-15T11:13:37+00:00","description":"Website of the SPG Arquitectura studio, located in Barcelona with more than 40 years of experience.","breadcrumb":{"@id":"https://spgarquitectura.com/en/profile/#breadcrumb"},"inLanguage":"en-US","potentialAction":[{"@type":"ReadAction","target":["https://spgarquitectura.com/en/profile/"]}]},{"@type":"BreadcrumbList","@id":"https://spgarquitectura.com/en/profile/#breadcrumb","itemListElement":[{"@type":"ListItem","position":1,"name":"Portada","item":"http://spgarquitectura.com/en/"},{"@type":"ListItem","position":2,"name":"Profile"}]},{"@type":"WebSite","@id":"http://spgarquitectura.com/#website","url":"http://spgarquitectura.com/","name":"SPG Arquitectura","description":"Estudio de arquitectura en Barcelona desde 1980. Especializados en metodología BIM.","publisher":{"@id":"http://spgarquitectura.com/#organization"},"potentialAction":[{"@type":"SearchAction","target":{"@type":"EntryPoint","urlTemplate":"http://spgarquitectura.com/?s={search_term_string}"},"query-input":"required name=search_term_string"}],"inLanguage":"en-US"},{"@type":"Organization","@id":"http://spgarquitectura.com/#organization","name":"SPG Arquitectura","url":"http://spgarquitectura.com/","logo":{"@type":"ImageObject","inLanguage":"en-US","@id":"http://spgarquitectura.com/#/schema/logo/image/","url":"https://spgarquitectura.com/wp-content/uploads/2022/04/logo-spg_icon.jpg","contentUrl":"https://spgarquitectura.com/wp-content/uploads/2022/04/logo-spg_icon.jpg","width":568,"height":568,"caption":"SPG Arquitectura"},"image":{"@id":"http://spgarquitectura.com/#/schema/logo/image/"}}]}</script>
<!-- / Yoast SEO plugin. -->

Estudio de arquitectura en Barcelona desde 1980. Especializados en metodología BIM.
