{"id":674,"date":"2020-11-03T08:59:45","date_gmt":"2020-11-03T08:59:45","guid":{"rendered":"https:\/\/spgarquitectura.com\/?page_id=674"},"modified":"2022-08-30T14:30:46","modified_gmt":"2022-08-30T14:30:46","slug":"contacte","status":"publish","type":"page","link":"http:\/\/spgarquitectura.com\/ca\/contacte\/","title":{"rendered":"Contacte"},"content":{"rendered":"","protected":false},"excerpt":{"rendered":"","protected":false},"author":1,"featured_media":0,"parent":0,"menu_order":0,"comment_status":"closed","ping_status":"closed","template":"","meta":[],"yoast_head":"<!-- This site is optimized with the Yoast SEO plugin v19.10 - https:\/\/yoast.com\/wordpress\/plugins\/seo\/ -->\n<title>Contacte de SPG Arquitectura<\/title>\n<meta name=\"description\" content=\"P\u00e1gina de contacte de SPG Arquitectura, estudi situat a Barcelona amb m\u00e9s de 40 anys d&#039;experi\u00e8ncia.\" \/>\n<meta name=\"robots\" content=\"index, follow, max-snippet:-1, max-image-preview:large, max-video-preview:-1\" \/>\n<meta property=\"og:locale\" content=\"ca_ES\" \/>\n<meta property=\"og:type\" content=\"article\" \/>\n<meta property=\"og:title\" content=\"Contacte de SPG Arquitectura\" \/>\n<meta property=\"og:description\" content=\"P\u00e1gina de contacte de SPG Arquitectura, estudi situat a Barcelona amb m\u00e9s de 40 anys d&#039;experi\u00e8ncia.\" \/>\n<meta property=\"og:url\" content=\"http:\/\/spgarquitectura.com\/ca\/contacte\/\" \/>\n<meta property=\"og:site_name\" content=\"SPG Arquitectura\" \/>\n<meta property=\"article:modified_time\" content=\"2022-08-30T14:30:46+00:00\" \/>\n<meta name=\"twitter:card\" content=\"summary_large_image\" \/>\n<script type=\"application\/ld+json\" class=\"yoast-schema-graph\">{\"@context\":\"https:\/\/schema.org\",\"@graph\":[{\"@type\":\"WebPage\",\"@id\":\"http:\/\/spgarquitectura.com\/ca\/contacte\/\",\"url\":\"http:\/\/spgarquitectura.com\/ca\/contacte\/\",\"name\":\"Contacte de SPG Arquitectura\",\"isPartOf\":{\"@id\":\"http:\/\/spgarquitectura.com\/#website\"},\"datePublished\":\"2020-11-03T08:59:45+00:00\",\"dateModified\":\"2022-08-30T14:30:46+00:00\",\"description\":\"P\u00e1gina de contacte de SPG Arquitectura, estudi situat a Barcelona amb m\u00e9s de 40 anys d'experi\u00e8ncia.\",\"breadcrumb\":{\"@id\":\"http:\/\/spgarquitectura.com\/ca\/contacte\/#breadcrumb\"},\"inLanguage\":\"ca\",\"potentialAction\":[{\"@type\":\"ReadAction\",\"target\":[\"http:\/\/spgarquitectura.com\/ca\/contacte\/\"]}]},{\"@type\":\"BreadcrumbList\",\"@id\":\"http:\/\/spgarquitectura.com\/ca\/contacte\/#breadcrumb\",\"itemListElement\":[{\"@type\":\"ListItem\",\"position\":1,\"name\":\"Portada\",\"item\":\"http:\/\/spgarquitectura.com\/ca\/\"},{\"@type\":\"ListItem\",\"position\":2,\"name\":\"Contacte\"}]},{\"@type\":\"WebSite\",\"@id\":\"http:\/\/spgarquitectura.com\/#website\",\"url\":\"http:\/\/spgarquitectura.com\/\",\"name\":\"SPG Arquitectura\",\"description\":\"Estudio de arquitectura en Barcelona desde 1980. Especializados en metodolog\u00eda BIM.\",\"publisher\":{\"@id\":\"http:\/\/spgarquitectura.com\/#organization\"},\"potentialAction\":[{\"@type\":\"SearchAction\",\"target\":{\"@type\":\"EntryPoint\",\"urlTemplate\":\"http:\/\/spgarquitectura.com\/?s={search_term_string}\"},\"query-input\":\"required name=search_term_string\"}],\"inLanguage\":\"ca\"},{\"@type\":\"Organization\",\"@id\":\"http:\/\/spgarquitectura.com\/#organization\",\"name\":\"SPG Arquitectura\",\"url\":\"http:\/\/spgarquitectura.com\/\",\"logo\":{\"@type\":\"ImageObject\",\"inLanguage\":\"ca\",\"@id\":\"http:\/\/spgarquitectura.com\/#\/schema\/logo\/image\/\",\"url\":\"https:\/\/spgarquitectura.com\/wp-content\/uploads\/2022\/04\/logo-spg_icon.jpg\",\"contentUrl\":\"https:\/\/spgarquitectura.com\/wp-content\/uploads\/2022\/04\/logo-spg_icon.jpg\",\"width\":568,\"height\":568,\"caption\":\"SPG Arquitectura\"},\"image\":{\"@id\":\"http:\/\/spgarquitectura.com\/#\/schema\/logo\/image\/\"}}]}<\/script>\n<!-- \/ Yoast SEO plugin. -->","yoast_head_json":{"title":"Contacte de SPG Arquitectura","description":"P\u00e1gina de contacte de SPG Arquitectura, estudi situat a Barcelona amb m\u00e9s de 40 anys d'experi\u00e8ncia.","robots":{"index":"index","follow":"follow","max-snippet":"max-snippet:-1","max-image-preview":"max-image-preview:large","max-video-preview":"max-video-preview:-1"},"og_locale":"ca_ES","og_type":"article","og_title":"Contacte de SPG Arquitectura","og_description":"P\u00e1gina de contacte de SPG Arquitectura, estudi situat a Barcelona amb m\u00e9s de 40 anys d'experi\u00e8ncia.","og_url":"http:\/\/spgarquitectura.com\/ca\/contacte\/","og_site_name":"SPG Arquitectura","article_modified_time":"2022-08-30T14:30:46+00:00","twitter_card":"summary_large_image","schema":{"@context":"https:\/\/schema.org","@graph":[{"@type":"WebPage","@id":"http:\/\/spgarquitectura.com\/ca\/contacte\/","url":"http:\/\/spgarquitectura.com\/ca\/contacte\/","name":"Contacte de SPG Arquitectura","isPartOf":{"@id":"http:\/\/spgarquitectura.com\/#website"},"datePublished":"2020-11-03T08:59:45+00:00","dateModified":"2022-08-30T14:30:46+00:00","description":"P\u00e1gina de contacte de SPG Arquitectura, estudi situat a Barcelona amb m\u00e9s de 40 anys d'experi\u00e8ncia.","breadcrumb":{"@id":"http:\/\/spgarquitectura.com\/ca\/contacte\/#breadcrumb"},"inLanguage":"ca","potentialAction":[{"@type":"ReadAction","target":["http:\/\/spgarquitectura.com\/ca\/contacte\/"]}]},{"@type":"BreadcrumbList","@id":"http:\/\/spgarquitectura.com\/ca\/contacte\/#breadcrumb","itemListElement":[{"@type":"ListItem","position":1,"name":"Portada","item":"http:\/\/spgarquitectura.com\/ca\/"},{"@type":"ListItem","position":2,"name":"Contacte"}]},{"@type":"WebSite","@id":"http:\/\/spgarquitectura.com\/#website","url":"http:\/\/spgarquitectura.com\/","name":"SPG Arquitectura","description":"Estudio de arquitectura en Barcelona desde 1980. Especializados en metodolog\u00eda BIM.","publisher":{"@id":"http:\/\/spgarquitectura.com\/#organization"},"potentialAction":[{"@type":"SearchAction","target":{"@type":"EntryPoint","urlTemplate":"http:\/\/spgarquitectura.com\/?s={search_term_string}"},"query-input":"required name=search_term_string"}],"inLanguage":"ca"},{"@type":"Organization","@id":"http:\/\/spgarquitectura.com\/#organization","name":"SPG Arquitectura","url":"http:\/\/spgarquitectura.com\/","logo":{"@type":"ImageObject","inLanguage":"ca","@id":"http:\/\/spgarquitectura.com\/#\/schema\/logo\/image\/","url":"https:\/\/spgarquitectura.com\/wp-content\/uploads\/2022\/04\/logo-spg_icon.jpg","contentUrl":"https:\/\/spgarquitectura.com\/wp-content\/uploads\/2022\/04\/logo-spg_icon.jpg","width":568,"height":568,"caption":"SPG Arquitectura"},"image":{"@id":"http:\/\/spgarquitectura.com\/#\/schema\/logo\/image\/"}}]}},"_links":{"self":[{"href":"http:\/\/spgarquitectura.com\/ca\/wp-json\/wp\/v2\/pages\/674"}],"collection":[{"href":"http:\/\/spgarquitectura.com\/ca\/wp-json\/wp\/v2\/pages"}],"about":[{"href":"http:\/\/spgarquitectura.com\/ca\/wp-json\/wp\/v2\/types\/page"}],"author":[{"embeddable":true,"href":"http:\/\/spgarquitectura.com\/ca\/wp-json\/wp\/v2\/users\/1"}],"replies":[{"embeddable":true,"href":"http:\/\/spgarquitectura.com\/ca\/wp-json\/wp\/v2\/comments?post=674"}],"version-history":[{"count":4,"href":"http:\/\/spgarquitectura.com\/ca\/wp-json\/wp\/v2\/pages\/674\/revisions"}],"predecessor-version":[{"id":5124,"href":"http:\/\/spgarquitectura.com\/ca\/wp-json\/wp\/v2\/pages\/674\/revisions\/5124"}],"wp:attachment":[{"href":"http:\/\/spgarquitectura.com\/ca\/wp-json\/wp\/v2\/media?parent=674"}],"curies":[{"name":"wp","href":"https:\/\/api.w.org\/{rel}","templated":true}]}}

<!-- This site is optimized with the Yoast SEO plugin v19.10 - https://yoast.com/wordpress/plugins/seo/ -->
<title>Contacte de SPG Arquitectura</title>
<meta name="description" content="Página de contacte de SPG Arquitectura, estudi situat a Barcelona amb més de 40 anys d&#039;experiència." />
<meta name="robots" content="index, follow, max-snippet:-1, max-image-preview:large, max-video-preview:-1" />
<meta property="og:locale" content="ca_ES" />
<meta property="og:type" content="article" />
<meta property="og:title" content="Contacte de SPG Arquitectura" />
<meta property="og:description" content="Página de contacte de SPG Arquitectura, estudi situat a Barcelona amb més de 40 anys d&#039;experiència." />
<meta property="og:url" content="http://spgarquitectura.com/ca/contacte/" />
<meta property="og:site_name" content="SPG Arquitectura" />
<meta property="article:modified_time" content="2022-08-30T14:30:46+00:00" />
<meta name="twitter:card" content="summary_large_image" />
<script type="application/ld+json" class="yoast-schema-graph">{"@context":"https://schema.org","@graph":[{"@type":"WebPage","@id":"http://spgarquitectura.com/ca/contacte/","url":"http://spgarquitectura.com/ca/contacte/","name":"Contacte de SPG Arquitectura","isPartOf":{"@id":"http://spgarquitectura.com/#website"},"datePublished":"2020-11-03T08:59:45+00:00","dateModified":"2022-08-30T14:30:46+00:00","description":"Página de contacte de SPG Arquitectura, estudi situat a Barcelona amb més de 40 anys d'experiència.","breadcrumb":{"@id":"http://spgarquitectura.com/ca/contacte/#breadcrumb"},"inLanguage":"ca","potentialAction":[{"@type":"ReadAction","target":["http://spgarquitectura.com/ca/contacte/"]}]},{"@type":"BreadcrumbList","@id":"http://spgarquitectura.com/ca/contacte/#breadcrumb","itemListElement":[{"@type":"ListItem","position":1,"name":"Portada","item":"http://spgarquitectura.com/ca/"},{"@type":"ListItem","position":2,"name":"Contacte"}]},{"@type":"WebSite","@id":"http://spgarquitectura.com/#website","url":"http://spgarquitectura.com/","name":"SPG Arquitectura","description":"Estudio de arquitectura en Barcelona desde 1980. Especializados en metodología BIM.","publisher":{"@id":"http://spgarquitectura.com/#organization"},"potentialAction":[{"@type":"SearchAction","target":{"@type":"EntryPoint","urlTemplate":"http://spgarquitectura.com/?s={search_term_string}"},"query-input":"required name=search_term_string"}],"inLanguage":"ca"},{"@type":"Organization","@id":"http://spgarquitectura.com/#organization","name":"SPG Arquitectura","url":"http://spgarquitectura.com/","logo":{"@type":"ImageObject","inLanguage":"ca","@id":"http://spgarquitectura.com/#/schema/logo/image/","url":"https://spgarquitectura.com/wp-content/uploads/2022/04/logo-spg_icon.jpg","contentUrl":"https://spgarquitectura.com/wp-content/uploads/2022/04/logo-spg_icon.jpg","width":568,"height":568,"caption":"SPG Arquitectura"},"image":{"@id":"http://spgarquitectura.com/#/schema/logo/image/"}}]}</script>
<!-- / Yoast SEO plugin. -->

Página de contacte de SPG Arquitectura, estudi situat a Barcelona amb més de 40 anys d'experiència.

Estudio de arquitectura en Barcelona desde 1980. Especializados en metodología BIM.
