{"id":4999,"date":"2014-12-10T10:43:54","date_gmt":"2014-12-10T10:43:54","guid":{"rendered":"https:\/\/spgarquitectura.com\/estudio\/"},"modified":"2022-11-15T10:21:15","modified_gmt":"2022-11-15T10:21:15","slug":"estudi","status":"publish","type":"page","link":"http:\/\/spgarquitectura.com\/ca\/estudi\/","title":{"rendered":"Estudi"},"content":{"rendered":"<div class=\"twocolumn\">\n<p><strong>SPG arquitectura<\/strong> t\u00e9 els seus inicis en 1980 amb l&#8217;associaci\u00f3 de Ram\u00f3n Artigues i Ram\u00f3n Sanabria sota la denominaci\u00f3 de <em>Artigues&#038;Sanabria arquitectes<\/em>.<br \/>\nAquest estudi finalitza en 2007 amb la jubilaci\u00f3 de Ram\u00f3n Artigues, quedant Ram\u00f3n Sanabria al capdavant de l&#8217;estudi sota el nom de <em>RSanabria arquitectes<\/em>, seguint amb els mateixos col\u00b7laboradors i les mateixes intencions.<\/p>\n<p>Ser\u00e0 en 2011 que amb la incorporaci\u00f3 com a associats de L\u00eddia Planas i Josep Gallego, antics col\u00b7laboradors dels estudis precedents, es passa a la denominaci\u00f3 de <em>SPG arquitectura<\/em>, (R. Sanabria, L. Planas i J. Gallego).<br \/>\nLes obres i projectes presentats, s\u00f3n el resultat de m\u00e9s de 40 anys de treball i experi\u00e8ncia d&#8217;un mateix equip amb les mateixes intencions i responsabilitats.<\/p>\n<\/div>\n<hr \/>\n<h3 style=\"text-align: center;\"><\/h3>\n<p class=\"intro narrow not-big\" style=\"text-align: center;\">Som membres de BuildingSmart, organisme internacional que impulsa la transformaci\u00f3 digital del sector de la construcci\u00f3 a trav\u00e9s d&#8217;est\u00e0ndards oberts.<\/p>\n","protected":false},"excerpt":{"rendered":"<p>SPG arquitectura t\u00e9 els seus inicis en 1980 amb l&#8217;associaci\u00f3 de Ram\u00f3n Artigues i Ram\u00f3n Sanabria sota la denominaci\u00f3 de Artigues&#038;Sanabria arquitectes. Aquest estudi finalitza en 2007 amb la jubilaci\u00f3 de Ram\u00f3n Artigues, quedant Ram\u00f3n Sanabria al capdavant de l&#8217;estudi sota el nom de RSanabria arquitectes, seguint amb els mateixos col\u00b7laboradors i les mateixes intencions&#8230;<\/p>\n","protected":false},"author":1,"featured_media":0,"parent":0,"menu_order":0,"comment_status":"closed","ping_status":"closed","template":"","meta":[],"yoast_head":"<!-- This site is optimized with the Yoast SEO plugin v19.10 - https:\/\/yoast.com\/wordpress\/plugins\/seo\/ -->\n<title>Estudi - SPG Arquitectura<\/title>\n<meta name=\"description\" content=\"P\u00e0gina de l&#039;estudi SPG Arquitectura, situat a Barcelona amb m\u00e9s de 40 anys d&#039;experi\u00e8ncia.\" \/>\n<meta name=\"robots\" content=\"index, follow, max-snippet:-1, max-image-preview:large, max-video-preview:-1\" \/>\n<meta property=\"og:locale\" content=\"ca_ES\" \/>\n<meta property=\"og:type\" content=\"article\" \/>\n<meta property=\"og:title\" content=\"Estudi - SPG Arquitectura\" \/>\n<meta property=\"og:description\" content=\"P\u00e0gina de l&#039;estudi SPG Arquitectura, situat a Barcelona amb m\u00e9s de 40 anys d&#039;experi\u00e8ncia.\" \/>\n<meta property=\"og:url\" content=\"http:\/\/spgarquitectura.com\/ca\/estudi\/\" \/>\n<meta property=\"og:site_name\" content=\"SPG Arquitectura\" \/>\n<meta property=\"article:modified_time\" content=\"2022-11-15T10:21:15+00:00\" \/>\n<meta name=\"twitter:card\" content=\"summary_large_image\" \/>\n<meta name=\"twitter:label1\" content=\"Temps estimat de lectura\" \/>\n\t<meta name=\"twitter:data1\" content=\"1 minut\" \/>\n<script type=\"application\/ld+json\" class=\"yoast-schema-graph\">{\"@context\":\"https:\/\/schema.org\",\"@graph\":[{\"@type\":\"WebPage\",\"@id\":\"http:\/\/spgarquitectura.com\/ca\/estudi\/\",\"url\":\"http:\/\/spgarquitectura.com\/ca\/estudi\/\",\"name\":\"Estudi - SPG Arquitectura\",\"isPartOf\":{\"@id\":\"http:\/\/spgarquitectura.com\/#website\"},\"datePublished\":\"2014-12-10T10:43:54+00:00\",\"dateModified\":\"2022-11-15T10:21:15+00:00\",\"description\":\"P\u00e0gina de l'estudi SPG Arquitectura, situat a Barcelona amb m\u00e9s de 40 anys d'experi\u00e8ncia.\",\"breadcrumb\":{\"@id\":\"http:\/\/spgarquitectura.com\/ca\/estudi\/#breadcrumb\"},\"inLanguage\":\"ca\",\"potentialAction\":[{\"@type\":\"ReadAction\",\"target\":[\"http:\/\/spgarquitectura.com\/ca\/estudi\/\"]}]},{\"@type\":\"BreadcrumbList\",\"@id\":\"http:\/\/spgarquitectura.com\/ca\/estudi\/#breadcrumb\",\"itemListElement\":[{\"@type\":\"ListItem\",\"position\":1,\"name\":\"Portada\",\"item\":\"http:\/\/spgarquitectura.com\/ca\/\"},{\"@type\":\"ListItem\",\"position\":2,\"name\":\"Estudi\"}]},{\"@type\":\"WebSite\",\"@id\":\"http:\/\/spgarquitectura.com\/#website\",\"url\":\"http:\/\/spgarquitectura.com\/\",\"name\":\"SPG Arquitectura\",\"description\":\"Estudio de arquitectura en Barcelona desde 1980. Especializados en metodolog\u00eda BIM.\",\"publisher\":{\"@id\":\"http:\/\/spgarquitectura.com\/#organization\"},\"potentialAction\":[{\"@type\":\"SearchAction\",\"target\":{\"@type\":\"EntryPoint\",\"urlTemplate\":\"http:\/\/spgarquitectura.com\/?s={search_term_string}\"},\"query-input\":\"required name=search_term_string\"}],\"inLanguage\":\"ca\"},{\"@type\":\"Organization\",\"@id\":\"http:\/\/spgarquitectura.com\/#organization\",\"name\":\"SPG Arquitectura\",\"url\":\"http:\/\/spgarquitectura.com\/\",\"logo\":{\"@type\":\"ImageObject\",\"inLanguage\":\"ca\",\"@id\":\"http:\/\/spgarquitectura.com\/#\/schema\/logo\/image\/\",\"url\":\"https:\/\/spgarquitectura.com\/wp-content\/uploads\/2022\/04\/logo-spg_icon.jpg\",\"contentUrl\":\"https:\/\/spgarquitectura.com\/wp-content\/uploads\/2022\/04\/logo-spg_icon.jpg\",\"width\":568,\"height\":568,\"caption\":\"SPG Arquitectura\"},\"image\":{\"@id\":\"http:\/\/spgarquitectura.com\/#\/schema\/logo\/image\/\"}}]}<\/script>\n<!-- \/ Yoast SEO plugin. -->","yoast_head_json":{"title":"Estudi - SPG Arquitectura","description":"P\u00e0gina de l'estudi SPG Arquitectura, situat a Barcelona amb m\u00e9s de 40 anys d'experi\u00e8ncia.","robots":{"index":"index","follow":"follow","max-snippet":"max-snippet:-1","max-image-preview":"max-image-preview:large","max-video-preview":"max-video-preview:-1"},"og_locale":"ca_ES","og_type":"article","og_title":"Estudi - SPG Arquitectura","og_description":"P\u00e0gina de l'estudi SPG Arquitectura, situat a Barcelona amb m\u00e9s de 40 anys d'experi\u00e8ncia.","og_url":"http:\/\/spgarquitectura.com\/ca\/estudi\/","og_site_name":"SPG Arquitectura","article_modified_time":"2022-11-15T10:21:15+00:00","twitter_card":"summary_large_image","twitter_misc":{"Temps estimat de lectura":"1 minut"},"schema":{"@context":"https:\/\/schema.org","@graph":[{"@type":"WebPage","@id":"http:\/\/spgarquitectura.com\/ca\/estudi\/","url":"http:\/\/spgarquitectura.com\/ca\/estudi\/","name":"Estudi - SPG Arquitectura","isPartOf":{"@id":"http:\/\/spgarquitectura.com\/#website"},"datePublished":"2014-12-10T10:43:54+00:00","dateModified":"2022-11-15T10:21:15+00:00","description":"P\u00e0gina de l'estudi SPG Arquitectura, situat a Barcelona amb m\u00e9s de 40 anys d'experi\u00e8ncia.","breadcrumb":{"@id":"http:\/\/spgarquitectura.com\/ca\/estudi\/#breadcrumb"},"inLanguage":"ca","potentialAction":[{"@type":"ReadAction","target":["http:\/\/spgarquitectura.com\/ca\/estudi\/"]}]},{"@type":"BreadcrumbList","@id":"http:\/\/spgarquitectura.com\/ca\/estudi\/#breadcrumb","itemListElement":[{"@type":"ListItem","position":1,"name":"Portada","item":"http:\/\/spgarquitectura.com\/ca\/"},{"@type":"ListItem","position":2,"name":"Estudi"}]},{"@type":"WebSite","@id":"http:\/\/spgarquitectura.com\/#website","url":"http:\/\/spgarquitectura.com\/","name":"SPG Arquitectura","description":"Estudio de arquitectura en Barcelona desde 1980. Especializados en metodolog\u00eda BIM.","publisher":{"@id":"http:\/\/spgarquitectura.com\/#organization"},"potentialAction":[{"@type":"SearchAction","target":{"@type":"EntryPoint","urlTemplate":"http:\/\/spgarquitectura.com\/?s={search_term_string}"},"query-input":"required name=search_term_string"}],"inLanguage":"ca"},{"@type":"Organization","@id":"http:\/\/spgarquitectura.com\/#organization","name":"SPG Arquitectura","url":"http:\/\/spgarquitectura.com\/","logo":{"@type":"ImageObject","inLanguage":"ca","@id":"http:\/\/spgarquitectura.com\/#\/schema\/logo\/image\/","url":"https:\/\/spgarquitectura.com\/wp-content\/uploads\/2022\/04\/logo-spg_icon.jpg","contentUrl":"https:\/\/spgarquitectura.com\/wp-content\/uploads\/2022\/04\/logo-spg_icon.jpg","width":568,"height":568,"caption":"SPG Arquitectura"},"image":{"@id":"http:\/\/spgarquitectura.com\/#\/schema\/logo\/image\/"}}]}},"_links":{"self":[{"href":"http:\/\/spgarquitectura.com\/ca\/wp-json\/wp\/v2\/pages\/4999"}],"collection":[{"href":"http:\/\/spgarquitectura.com\/ca\/wp-json\/wp\/v2\/pages"}],"about":[{"href":"http:\/\/spgarquitectura.com\/ca\/wp-json\/wp\/v2\/types\/page"}],"author":[{"embeddable":true,"href":"http:\/\/spgarquitectura.com\/ca\/wp-json\/wp\/v2\/users\/1"}],"replies":[{"embeddable":true,"href":"http:\/\/spgarquitectura.com\/ca\/wp-json\/wp\/v2\/comments?post=4999"}],"version-history":[{"count":8,"href":"http:\/\/spgarquitectura.com\/ca\/wp-json\/wp\/v2\/pages\/4999\/revisions"}],"predecessor-version":[{"id":5291,"href":"http:\/\/spgarquitectura.com\/ca\/wp-json\/wp\/v2\/pages\/4999\/revisions\/5291"}],"wp:attachment":[{"href":"http:\/\/spgarquitectura.com\/ca\/wp-json\/wp\/v2\/media?parent=4999"}],"curies":[{"name":"wp","href":"https:\/\/api.w.org\/{rel}","templated":true}]}}

<div class="twocolumn">
<p><strong>SPG arquitectura</strong> té els seus inicis en 1980 amb l&#8217;associació de Ramón Artigues i Ramón Sanabria sota la denominació de <em>Artigues&#038;Sanabria arquitectes</em>.<br />
Aquest estudi finalitza en 2007 amb la jubilació de Ramón Artigues, quedant Ramón Sanabria al capdavant de l&#8217;estudi sota el nom de <em>RSanabria arquitectes</em>, seguint amb els mateixos col·laboradors i les mateixes intencions.</p>
<p>Serà en 2011 que amb la incorporació com a associats de Lídia Planas i Josep Gallego, antics col·laboradors dels estudis precedents, es passa a la denominació de <em>SPG arquitectura</em>, (R. Sanabria, L. Planas i J. Gallego).<br />
Les obres i projectes presentats, són el resultat de més de 40 anys de treball i experiència d&#8217;un mateix equip amb les mateixes intencions i responsabilitats.</p>
</div>
<hr />
<h3 style="text-align: center;"></h3>
<p class="intro narrow not-big" style="text-align: center;">Som membres de BuildingSmart, organisme internacional que impulsa la transformació digital del sector de la construcció a través d&#8217;estàndards oberts.</p>

<p>SPG arquitectura té els seus inicis en 1980 amb l&#8217;associació de Ramón Artigues i Ramón Sanabria sota la denominació de Artigues&#038;Sanabria arquitectes. Aquest estudi finalitza en 2007 amb la jubilació de Ramón Artigues, quedant Ramón Sanabria al capdavant de l&#8217;estudi sota el nom de RSanabria arquitectes, seguint amb els mateixos col·laboradors i les mateixes intencions&#8230;</p>

<!-- This site is optimized with the Yoast SEO plugin v19.10 - https://yoast.com/wordpress/plugins/seo/ -->
<title>Estudi - SPG Arquitectura</title>
<meta name="description" content="Pàgina de l&#039;estudi SPG Arquitectura, situat a Barcelona amb més de 40 anys d&#039;experiència." />
<meta name="robots" content="index, follow, max-snippet:-1, max-image-preview:large, max-video-preview:-1" />
<meta property="og:locale" content="ca_ES" />
<meta property="og:type" content="article" />
<meta property="og:title" content="Estudi - SPG Arquitectura" />
<meta property="og:description" content="Pàgina de l&#039;estudi SPG Arquitectura, situat a Barcelona amb més de 40 anys d&#039;experiència." />
<meta property="og:url" content="http://spgarquitectura.com/ca/estudi/" />
<meta property="og:site_name" content="SPG Arquitectura" />
<meta property="article:modified_time" content="2022-11-15T10:21:15+00:00" />
<meta name="twitter:card" content="summary_large_image" />
<meta name="twitter:label1" content="Temps estimat de lectura" />
	<meta name="twitter:data1" content="1 minut" />
<script type="application/ld+json" class="yoast-schema-graph">{"@context":"https://schema.org","@graph":[{"@type":"WebPage","@id":"http://spgarquitectura.com/ca/estudi/","url":"http://spgarquitectura.com/ca/estudi/","name":"Estudi - SPG Arquitectura","isPartOf":{"@id":"http://spgarquitectura.com/#website"},"datePublished":"2014-12-10T10:43:54+00:00","dateModified":"2022-11-15T10:21:15+00:00","description":"Pàgina de l'estudi SPG Arquitectura, situat a Barcelona amb més de 40 anys d'experiència.","breadcrumb":{"@id":"http://spgarquitectura.com/ca/estudi/#breadcrumb"},"inLanguage":"ca","potentialAction":[{"@type":"ReadAction","target":["http://spgarquitectura.com/ca/estudi/"]}]},{"@type":"BreadcrumbList","@id":"http://spgarquitectura.com/ca/estudi/#breadcrumb","itemListElement":[{"@type":"ListItem","position":1,"name":"Portada","item":"http://spgarquitectura.com/ca/"},{"@type":"ListItem","position":2,"name":"Estudi"}]},{"@type":"WebSite","@id":"http://spgarquitectura.com/#website","url":"http://spgarquitectura.com/","name":"SPG Arquitectura","description":"Estudio de arquitectura en Barcelona desde 1980. Especializados en metodología BIM.","publisher":{"@id":"http://spgarquitectura.com/#organization"},"potentialAction":[{"@type":"SearchAction","target":{"@type":"EntryPoint","urlTemplate":"http://spgarquitectura.com/?s={search_term_string}"},"query-input":"required name=search_term_string"}],"inLanguage":"ca"},{"@type":"Organization","@id":"http://spgarquitectura.com/#organization","name":"SPG Arquitectura","url":"http://spgarquitectura.com/","logo":{"@type":"ImageObject","inLanguage":"ca","@id":"http://spgarquitectura.com/#/schema/logo/image/","url":"https://spgarquitectura.com/wp-content/uploads/2022/04/logo-spg_icon.jpg","contentUrl":"https://spgarquitectura.com/wp-content/uploads/2022/04/logo-spg_icon.jpg","width":568,"height":568,"caption":"SPG Arquitectura"},"image":{"@id":"http://spgarquitectura.com/#/schema/logo/image/"}}]}</script>
<!-- / Yoast SEO plugin. -->

Pàgina de l'estudi SPG Arquitectura, situat a Barcelona amb més de 40 anys d'experiència.

Estudio de arquitectura en Barcelona desde 1980. Especializados en metodología BIM.
